{"id":13,"date":"2022-07-26T13:51:00","date_gmt":"2022-07-26T11:51:00","guid":{"rendered":"https:\/\/alpcolmina.ch\/colmina\/?page_id=13"},"modified":"2024-12-01T10:18:54","modified_gmt":"2024-12-01T09:18:54","slug":"anreise","status":"publish","type":"page","link":"https:\/\/alpcolmina.ch\/colmina\/anreise\/","title":{"rendered":"Anreise"},"content":{"rendered":"\r\n<h4 class=\"wp-block-heading\">Mit dem \u00d6V<\/h4>\r\n<p>Von Intragna oder Verdasio zu Fuss bis Colmina. Je nach Fitnesslevel und gew\u00e4hlter Strecke: 1.5 bis 2.5 Std.<\/p>\r\n\r\n\r\n\r\n\r\n\r\n<h4 class=\"wp-block-heading\"><br \/>Mit dem Auto<\/h4>\r\n\r\n\r\n\r\n<p>Von Intragna gegen eine Geb\u00fchr von CHF 20.- einen Teil hochfahren. Anschliessend noch ca. 45 Min. zu Fuss bis Colmina.<\/p>\r\n<p>&nbsp;<\/p>\r\n<p>&nbsp;<\/p>\r\n<p>&nbsp;<\/p>\r\n<p>&nbsp;<\/p>\r\n<p>&nbsp;<\/p>\r\n","protected":false},"excerpt":{"rendered":"<p>Mit dem \u00d6V Von Intragna oder Verdasio zu Fuss bis Colmina. Je nach Fitnesslevel und gew\u00e4hlter Strecke: 1.5 bis 2.5 Std. Mit dem Auto Von Intragna gegen eine Geb\u00fchr von CHF 20.- einen Teil hochfahren. Anschliessend noch ca. 45 Min. zu Fuss bis Colmina. &nbsp; &nbsp; &nbsp; &nbsp; &nbsp;<\/p>\n","protected":false},"author":1,"featured_media":0,"parent":0,"menu_order":4,"comment_status":"closed","ping_status":"closed","template":"","meta":{"ngg_post_thumbnail":0,"footnotes":""},"class_list":["post-13","page","type-page","status-publish","hentry"],"_links":{"self":[{"href":"https:\/\/alpcolmina.ch\/colmina\/wp-json\/wp\/v2\/pages\/13","targetHints":{"allow":["GET"]}}],"collection":[{"href":"https:\/\/alpcolmina.ch\/colmina\/wp-json\/wp\/v2\/pages"}],"about":[{"href":"https:\/\/alpcolmina.ch\/colmina\/wp-json\/wp\/v2\/types\/page"}],"author":[{"embeddable":true,"href":"https:\/\/alpcolmina.ch\/colmina\/wp-json\/wp\/v2\/users\/1"}],"replies":[{"embeddable":true,"href":"https:\/\/alpcolmina.ch\/colmina\/wp-json\/wp\/v2\/comments?post=13"}],"version-history":[{"count":10,"href":"https:\/\/alpcolmina.ch\/colmina\/wp-json\/wp\/v2\/pages\/13\/revisions"}],"predecessor-version":[{"id":200,"href":"https:\/\/alpcolmina.ch\/colmina\/wp-json\/wp\/v2\/pages\/13\/revisions\/200"}],"wp:attachment":[{"href":"https:\/\/alpcolmina.ch\/colmina\/wp-json\/wp\/v2\/media?parent=13"}],"curies":[{"name":"wp","href":"https:\/\/api.w.org\/{rel}","templated":true}]}}